{"version":"1.0","provider_name":"Tischlerei Lanser","provider_url":"https:\/\/tischlerei-lanser.at\/en","author_name":"lanser","author_url":"https:\/\/tischlerei-lanser.at\/en\/author\/lanser\/","title":"Neues aus dem Showroom Lienz&#8211; Tischlerei Lanser","type":"rich","width":600,"height":338,"html":"<blockquote class=\"wp-embedded-content\" data-secret=\"Xk2TtGIfJo\"><a href=\"https:\/\/tischlerei-lanser.at\/en\/2021\/10\/neues-aus-dem-lanser-showroom-lienz\/\">Neues aus dem Lanser Showroom Lienz<\/a><\/blockquote><iframe sandbox=\"allow-scripts\" security=\"restricted\" src=\"https:\/\/tischlerei-lanser.at\/en\/2021\/10\/neues-aus-dem-lanser-showroom-lienz\/embed\/#?secret=Xk2TtGIfJo\" width=\"600\" height=\"338\" title=\"&#8220;Neues aus dem Lanser Showroom Lienz&#8221; &#8212; Tischlerei Lanser\" data-secret=\"Xk2TtGIfJo\" frameborder=\"0\" marginwidth=\"0\" marginheight=\"0\" scrolling=\"no\" class=\"wp-embedded-content\"><\/iframe><script type=\"text\/javascript\">\n\/* <![CDATA[ *\/\n\/*! This file is auto-generated *\/\n!function(d,l){\"use strict\";l.querySelector&&d.addEventListener&&\"undefined\"!=typeof URL&&(d.wp=d.wp||{},d.wp.receiveEmbedMessage||(d.wp.receiveEmbedMessage=function(e){var t=e.data;if((t||t.secret||t.message||t.value)&&!\/[^a-zA-Z0-9]\/.test(t.secret)){for(var s,r,n,a=l.querySelectorAll('iframe[data-secret=\"'+t.secret+'\"]'),o=l.querySelectorAll('blockquote[data-secret=\"'+t.secret+'\"]'),c=new RegExp(\"^https?:$\",\"i\"),i=0;i<o.length;i++)o[i].style.display=\"none\";for(i=0;i<a.length;i++)s=a[i],e.source===s.contentWindow&&(s.removeAttribute(\"style\"),\"height\"===t.message?(1e3<(r=parseInt(t.value,10))?r=1e3:~~r<200&&(r=200),s.height=r):\"link\"===t.message&&(r=new URL(s.getAttribute(\"src\")),n=new URL(t.value),c.test(n.protocol))&&n.host===r.host&&l.activeElement===s&&(d.top.location.href=t.value))}},d.addEventListener(\"message\",d.wp.receiveEmbedMessage,!1),l.addEventListener(\"DOMContentLoaded\",function(){for(var e,t,s=l.querySelectorAll(\"iframe.wp-embedded-content\"),r=0;r<s.length;r++)(t=(e=s[r]).getAttribute(\"data-secret\"))||(t=Math.random().toString(36).substring(2,12),e.src+=\"#?secret=\"+t,e.setAttribute(\"data-secret\",t)),e.contentWindow.postMessage({message:\"ready\",secret:t},\"*\")},!1)))}(window,document);\n\/* ]]> *\/\n<\/script>\n","thumbnail_url":"https:\/\/tischlerei-lanser.at\/wp-content\/uploads\/lanser_showroom_lienz_-24.jpg","thumbnail_width":1920,"thumbnail_height":1280,"description":"P\u00fcnktlich zum Start des Herbstes pr\u00e4sentieren wir seit Mitte September neue, kreative Wohnbereiche im Showroom Lienz. Im Fokus stehen erneut M\u00f6bel und Einrichtungen, die ein hohes Ma\u00df an Individualit\u00e4t und Langlebigkeit aufweisen. Damit man sich an seinem pers\u00f6nlichen Wohnraum f\u00fcr viele Jahre erfreuen kann."}

Pünktlich zum Start des Herbstes präsentieren wir seit Mitte September neue, kreative Wohnbereiche im Showroom Lienz. Im Fokus stehen erneut Möbel und Einrichtungen, die ein hohes Maß an Individualität und Langlebigkeit aufweisen. Damit man sich an seinem persönlichen Wohnraum für viele Jahre erfreuen kann.
